{"id":8564,"date":"2021-09-13T10:32:05","date_gmt":"2021-09-13T08:32:05","guid":{"rendered":"https:\/\/marketwell.no\/?post_type=tribe_events&#038;p=8564"},"modified":"2021-09-13T10:32:08","modified_gmt":"2021-09-13T08:32:08","slug":"redken-trends-cut-color-hands-on-oslo","status":"publish","type":"tribe_events","link":"https:\/\/marketwell.no\/no\/event\/redken-trends-cut-color-hands-on-oslo\/","title":{"rendered":"REDKEN Trends: Cut\/Color Hands-On &#8211; OSLO"},"content":{"rendered":"\n\r\n\r\n\r[vc_row][vc_column][vc_column_text]<strong>Kursbeskrivelse:\r\n<\/strong>Vil du bli inspirert og l\u00e6re av de beste i bransjen? Da inviterer vi deg til dette offline hands-on kurset for \u00e5 veilede deg hvordan du jobber med nye farge og klippeteknikker i salongen.\r\n\r\n<strong>Kursets varighet:<\/strong> 4 timer, kl 17.00-21.00\r\n\r\n<strong>Undervisningstype:<\/strong> Kurset er offline\r\n\r\n<strong>Sted og dato:<\/strong> L Oreal Norge, Lysaker Torg 35, 1327 Lysaker\r\n17.November, kl 17.00-21.00\r\n\r\n<strong>Verkt\u00f8yliste:<\/strong> Klyper, f\u00f8hn og rundb\u00f8rste\r\n\r\n<strong>Pris ekskl. moms<\/strong>: 1950 NOK, inkl mannequin hoder, \u00a0produkter, materiell, lunsj og diplom\r\n\r\nP\u00c5MELDING <a href=\"https:\/\/no.lorealaccess.com\/learn\/course\/internal\/view\/classroom\/39513\/17-nov-trends-cutcolor-hands-on-oslopris-1950\">HER<\/a>\r\n\r\nL&#8217;Or\u00e9al Access er \u00e5pen for alle fris\u00f8rer men til info n\u00e5r du melder deg p\u00e5 seminar skal du v\u00e6re oppmerksom p\u00e5 at du skal ha ditt kundenummer registrert i dine profil opplysninger. Hvis du ikke har et L&#8217;Or\u00e9al-kundenummer, ber vi deg om \u00e5 kontakte lorealaccess.no@loreal.com.\r\n\r\nAnnullering av et seminar kan kun skje ved \u00e5 sende epost til \u00a0lorealaccess.no@loreal.com senest 24 timer f\u00f8r kurset starter. Vi forbeholder oss rett til, uten kompensasjon, \u00e5 annullere et seminar senest 24 timer f\u00f8r seminarets start.\r\n\r\nVelkommen![\/vc_column_text][\/vc_column][\/vc_row]\n\r\n\r\n\r\n\r","protected":false},"excerpt":{"rendered":"<p>[vc_row][vc_column][vc_column_text]Kursbeskrivelse: Vil du bli inspirert og l\u00e6re av de beste i bransjen? Da inviterer vi deg til dette offline hands-on kurset for \u00e5 veilede deg hvordan du jobber med nye farge og klippeteknikker i salongen. Kursets varighet: 4 timer, kl [&hellip;]<\/p>\n","protected":false},"author":1,"featured_media":8385,"template":"","meta":{"_tribe_events_status":"","_tribe_events_status_reason":"","footnotes":""},"tags":[241,248,263,240],"tribe_events_cat":[256],"yoast_head":"<!-- This site is optimized with the Yoast SEO plugin v24.5 - https:\/\/yoast.com\/wordpress\/plugins\/seo\/ -->\n<title>REDKEN Trends: Cut\/Color Hands-On - OSLO - Marketwell<\/title>\n<meta name=\"robots\" content=\"index, follow, max-snippet:-1, max-image-preview:large, max-video-preview:-1\" \/>\n<link rel=\"canonical\" href=\"https:\/\/marketwell.no\/no\/event\/redken-trends-cut-color-hands-on-oslo\/\" \/>\n<meta property=\"og:locale\" content=\"nb_NO\" \/>\n<meta property=\"og:type\" content=\"article\" \/>\n<meta property=\"og:title\" content=\"REDKEN Trends: Cut\/Color Hands-On - OSLO - Marketwell\" \/>\n<meta property=\"og:description\" content=\"[vc_row][vc_column][vc_column_text]Kursbeskrivelse: Vil du bli inspirert og l\u00e6re av de beste i bransjen? Da inviterer vi deg til dette offline hands-on kurset for \u00e5 veilede deg hvordan du jobber med nye farge og klippeteknikker i salongen. Kursets varighet: 4 timer, kl [&hellip;]\" \/>\n<meta property=\"og:url\" content=\"https:\/\/marketwell.no\/no\/event\/redken-trends-cut-color-hands-on-oslo\/\" \/>\n<meta property=\"og:site_name\" content=\"Marketwell\" \/>\n<meta property=\"article:publisher\" content=\"https:\/\/www.facebook.com\/marketwellnorge\" \/>\n<meta property=\"article:modified_time\" content=\"2021-09-13T08:32:08+00:00\" \/>\n<meta property=\"og:image\" content=\"https:\/\/marketwell.no\/wp-content\/uploads\/2021\/09\/redken-logo-medium.png\" \/>\n\t<meta property=\"og:image:width\" content=\"300\" \/>\n\t<meta property=\"og:image:height\" content=\"300\" \/>\n\t<meta property=\"og:image:type\" content=\"image\/png\" \/>\n<meta name=\"twitter:card\" content=\"summary_large_image\" \/>\n<meta name=\"twitter:label1\" content=\"Ansl. lesetid\" \/>\n\t<meta name=\"twitter:data1\" content=\"1 minutt\" \/>\n<script type=\"application\/ld+json\" class=\"yoast-schema-graph\">{\"@context\":\"https:\/\/schema.org\",\"@graph\":[{\"@type\":\"WebPage\",\"@id\":\"https:\/\/marketwell.no\/no\/event\/redken-trends-cut-color-hands-on-oslo\/\",\"url\":\"https:\/\/marketwell.no\/no\/event\/redken-trends-cut-color-hands-on-oslo\/\",\"name\":\"REDKEN Trends: Cut\/Color Hands-On - OSLO - Marketwell\",\"isPartOf\":{\"@id\":\"https:\/\/marketwell.no\/no\/#website\"},\"primaryImageOfPage\":{\"@id\":\"https:\/\/marketwell.no\/no\/event\/redken-trends-cut-color-hands-on-oslo\/#primaryimage\"},\"image\":{\"@id\":\"https:\/\/marketwell.no\/no\/event\/redken-trends-cut-color-hands-on-oslo\/#primaryimage\"},\"thumbnailUrl\":\"https:\/\/marketwell.no\/wp-content\/uploads\/2021\/09\/redken-logo-medium.png\",\"datePublished\":\"2021-09-13T08:32:05+00:00\",\"dateModified\":\"2021-09-13T08:32:08+00:00\",\"breadcrumb\":{\"@id\":\"https:\/\/marketwell.no\/no\/event\/redken-trends-cut-color-hands-on-oslo\/#breadcrumb\"},\"inLanguage\":\"nb-NO\",\"potentialAction\":[{\"@type\":\"ReadAction\",\"target\":[\"https:\/\/marketwell.no\/no\/event\/redken-trends-cut-color-hands-on-oslo\/\"]}]},{\"@type\":\"ImageObject\",\"inLanguage\":\"nb-NO\",\"@id\":\"https:\/\/marketwell.no\/no\/event\/redken-trends-cut-color-hands-on-oslo\/#primaryimage\",\"url\":\"https:\/\/marketwell.no\/wp-content\/uploads\/2021\/09\/redken-logo-medium.png\",\"contentUrl\":\"https:\/\/marketwell.no\/wp-content\/uploads\/2021\/09\/redken-logo-medium.png\",\"width\":300,\"height\":300},{\"@type\":\"BreadcrumbList\",\"@id\":\"https:\/\/marketwell.no\/no\/event\/redken-trends-cut-color-hands-on-oslo\/#breadcrumb\",\"itemListElement\":[{\"@type\":\"ListItem\",\"position\":1,\"name\":\"Hjem\",\"item\":\"https:\/\/marketwell.no\/no\/\"},{\"@type\":\"ListItem\",\"position\":2,\"name\":\"Arrangementer\",\"item\":\"https:\/\/marketwell.no\/no\/events\/\"},{\"@type\":\"ListItem\",\"position\":3,\"name\":\"REDKEN Trends: Cut\/Color Hands-On &#8211; OSLO\"}]},{\"@type\":\"WebSite\",\"@id\":\"https:\/\/marketwell.no\/no\/#website\",\"url\":\"https:\/\/marketwell.no\/no\/\",\"name\":\"Marketwell\",\"description\":\"Tid for \u00e5 forenkle \",\"publisher\":{\"@id\":\"https:\/\/marketwell.no\/no\/#organization\"},\"potentialAction\":[{\"@type\":\"SearchAction\",\"target\":{\"@type\":\"EntryPoint\",\"urlTemplate\":\"https:\/\/marketwell.no\/no\/?s={search_term_string}\"},\"query-input\":{\"@type\":\"PropertyValueSpecification\",\"valueRequired\":true,\"valueName\":\"search_term_string\"}}],\"inLanguage\":\"nb-NO\"},{\"@type\":\"Organization\",\"@id\":\"https:\/\/marketwell.no\/no\/#organization\",\"name\":\"Marketwell\",\"url\":\"https:\/\/marketwell.no\/no\/\",\"logo\":{\"@type\":\"ImageObject\",\"inLanguage\":\"nb-NO\",\"@id\":\"https:\/\/marketwell.no\/no\/#\/schema\/logo\/image\/\",\"url\":\"https:\/\/marketwell.no\/wp-content\/uploads\/2020\/06\/MWlogo-transparent-bakkgrunn-1-e1623514698867.png\",\"contentUrl\":\"https:\/\/marketwell.no\/wp-content\/uploads\/2020\/06\/MWlogo-transparent-bakkgrunn-1-e1623514698867.png\",\"width\":509,\"height\":239,\"caption\":\"Marketwell\"},\"image\":{\"@id\":\"https:\/\/marketwell.no\/no\/#\/schema\/logo\/image\/\"},\"sameAs\":[\"https:\/\/www.facebook.com\/marketwellnorge\",\"https:\/\/www.instagram.com\/marketwell_as\/\",\"https:\/\/no.pinterest.com\/marketwell\/\",\"https:\/\/www.youtube.com\/channel\/UCfhYr0EHoJP9xPpxp0Sqc5Q\"]}]}<\/script>\n<!-- \/ Yoast SEO plugin. -->","yoast_head_json":{"title":"REDKEN Trends: Cut\/Color Hands-On - OSLO - Marketwell","robots":{"index":"index","follow":"follow","max-snippet":"max-snippet:-1","max-image-preview":"max-image-preview:large","max-video-preview":"max-video-preview:-1"},"canonical":"https:\/\/marketwell.no\/no\/event\/redken-trends-cut-color-hands-on-oslo\/","og_locale":"nb_NO","og_type":"article","og_title":"REDKEN Trends: Cut\/Color Hands-On - OSLO - Marketwell","og_description":"[vc_row][vc_column][vc_column_text]Kursbeskrivelse: Vil du bli inspirert og l\u00e6re av de beste i bransjen? Da inviterer vi deg til dette offline hands-on kurset for \u00e5 veilede deg hvordan du jobber med nye farge og klippeteknikker i salongen. Kursets varighet: 4 timer, kl [&hellip;]","og_url":"https:\/\/marketwell.no\/no\/event\/redken-trends-cut-color-hands-on-oslo\/","og_site_name":"Marketwell","article_publisher":"https:\/\/www.facebook.com\/marketwellnorge","article_modified_time":"2021-09-13T08:32:08+00:00","og_image":[{"width":300,"height":300,"url":"https:\/\/marketwell.no\/wp-content\/uploads\/2021\/09\/redken-logo-medium.png","type":"image\/png"}],"twitter_card":"summary_large_image","twitter_misc":{"Ansl. lesetid":"1 minutt"},"schema":{"@context":"https:\/\/schema.org","@graph":[{"@type":"WebPage","@id":"https:\/\/marketwell.no\/no\/event\/redken-trends-cut-color-hands-on-oslo\/","url":"https:\/\/marketwell.no\/no\/event\/redken-trends-cut-color-hands-on-oslo\/","name":"REDKEN Trends: Cut\/Color Hands-On - OSLO - Marketwell","isPartOf":{"@id":"https:\/\/marketwell.no\/no\/#website"},"primaryImageOfPage":{"@id":"https:\/\/marketwell.no\/no\/event\/redken-trends-cut-color-hands-on-oslo\/#primaryimage"},"image":{"@id":"https:\/\/marketwell.no\/no\/event\/redken-trends-cut-color-hands-on-oslo\/#primaryimage"},"thumbnailUrl":"https:\/\/marketwell.no\/wp-content\/uploads\/2021\/09\/redken-logo-medium.png","datePublished":"2021-09-13T08:32:05+00:00","dateModified":"2021-09-13T08:32:08+00:00","breadcrumb":{"@id":"https:\/\/marketwell.no\/no\/event\/redken-trends-cut-color-hands-on-oslo\/#breadcrumb"},"inLanguage":"nb-NO","potentialAction":[{"@type":"ReadAction","target":["https:\/\/marketwell.no\/no\/event\/redken-trends-cut-color-hands-on-oslo\/"]}]},{"@type":"ImageObject","inLanguage":"nb-NO","@id":"https:\/\/marketwell.no\/no\/event\/redken-trends-cut-color-hands-on-oslo\/#primaryimage","url":"https:\/\/marketwell.no\/wp-content\/uploads\/2021\/09\/redken-logo-medium.png","contentUrl":"https:\/\/marketwell.no\/wp-content\/uploads\/2021\/09\/redken-logo-medium.png","width":300,"height":300},{"@type":"BreadcrumbList","@id":"https:\/\/marketwell.no\/no\/event\/redken-trends-cut-color-hands-on-oslo\/#breadcrumb","itemListElement":[{"@type":"ListItem","position":1,"name":"Hjem","item":"https:\/\/marketwell.no\/no\/"},{"@type":"ListItem","position":2,"name":"Arrangementer","item":"https:\/\/marketwell.no\/no\/events\/"},{"@type":"ListItem","position":3,"name":"REDKEN Trends: Cut\/Color Hands-On &#8211; OSLO"}]},{"@type":"WebSite","@id":"https:\/\/marketwell.no\/no\/#website","url":"https:\/\/marketwell.no\/no\/","name":"Marketwell","description":"Tid for \u00e5 forenkle ","publisher":{"@id":"https:\/\/marketwell.no\/no\/#organization"},"potentialAction":[{"@type":"SearchAction","target":{"@type":"EntryPoint","urlTemplate":"https:\/\/marketwell.no\/no\/?s={search_term_string}"},"query-input":{"@type":"PropertyValueSpecification","valueRequired":true,"valueName":"search_term_string"}}],"inLanguage":"nb-NO"},{"@type":"Organization","@id":"https:\/\/marketwell.no\/no\/#organization","name":"Marketwell","url":"https:\/\/marketwell.no\/no\/","logo":{"@type":"ImageObject","inLanguage":"nb-NO","@id":"https:\/\/marketwell.no\/no\/#\/schema\/logo\/image\/","url":"https:\/\/marketwell.no\/wp-content\/uploads\/2020\/06\/MWlogo-transparent-bakkgrunn-1-e1623514698867.png","contentUrl":"https:\/\/marketwell.no\/wp-content\/uploads\/2020\/06\/MWlogo-transparent-bakkgrunn-1-e1623514698867.png","width":509,"height":239,"caption":"Marketwell"},"image":{"@id":"https:\/\/marketwell.no\/no\/#\/schema\/logo\/image\/"},"sameAs":["https:\/\/www.facebook.com\/marketwellnorge","https:\/\/www.instagram.com\/marketwell_as\/","https:\/\/no.pinterest.com\/marketwell\/","https:\/\/www.youtube.com\/channel\/UCfhYr0EHoJP9xPpxp0Sqc5Q"]}]}},"jetpack_sharing_enabled":true,"_links":{"self":[{"href":"https:\/\/marketwell.no\/no\/wp-json\/wp\/v2\/tribe_events\/8564"}],"collection":[{"href":"https:\/\/marketwell.no\/no\/wp-json\/wp\/v2\/tribe_events"}],"about":[{"href":"https:\/\/marketwell.no\/no\/wp-json\/wp\/v2\/types\/tribe_events"}],"author":[{"embeddable":true,"href":"https:\/\/marketwell.no\/no\/wp-json\/wp\/v2\/users\/1"}],"version-history":[{"count":2,"href":"https:\/\/marketwell.no\/no\/wp-json\/wp\/v2\/tribe_events\/8564\/revisions"}],"predecessor-version":[{"id":8566,"href":"https:\/\/marketwell.no\/no\/wp-json\/wp\/v2\/tribe_events\/8564\/revisions\/8566"}],"wp:featuredmedia":[{"embeddable":true,"href":"https:\/\/marketwell.no\/no\/wp-json\/wp\/v2\/media\/8385"}],"wp:attachment":[{"href":"https:\/\/marketwell.no\/no\/wp-json\/wp\/v2\/media?parent=8564"}],"wp:term":[{"taxonomy":"post_tag","embeddable":true,"href":"https:\/\/marketwell.no\/no\/wp-json\/wp\/v2\/tags?post=8564"},{"taxonomy":"tribe_events_cat","embeddable":true,"href":"https:\/\/marketwell.no\/no\/wp-json\/wp\/v2\/tribe_events_cat?post=8564"}],"curies":[{"name":"wp","href":"https:\/\/api.w.org\/{rel}","templated":true}]}}

[vc_row][vc_column][vc_column_text]<strong>Kursbeskrivelse:
</strong>Vil du bli inspirert og lære av de beste i bransjen? Da inviterer vi deg til dette offline hands-on kurset for å veilede deg hvordan du jobber med nye farge og klippeteknikker i salongen.

<strong>Kursets varighet:</strong> 4 timer, kl 17.00-21.00

<strong>Undervisningstype:</strong> Kurset er offline

<strong>Sted og dato:</strong> L Oreal Norge, Lysaker Torg 35, 1327 Lysaker
17.November, kl 17.00-21.00

<strong>Verktøyliste:</strong> Klyper, føhn og rundbørste

<strong>Pris ekskl. moms</strong>: 1950 NOK, inkl mannequin hoder,  produkter, materiell, lunsj og diplom

PÅMELDING <a href="https://no.lorealaccess.com/learn/course/internal/view/classroom/39513/17-nov-trends-cutcolor-hands-on-oslopris-1950">HER</a>

L&#8217;Oréal Access er åpen for alle frisører men til info når du melder deg på seminar skal du være oppmerksom på at du skal ha ditt kundenummer registrert i dine profil opplysninger. Hvis du ikke har et L&#8217;Oréal-kundenummer, ber vi deg om å kontakte lorealaccess.no@loreal.com.

Annullering av et seminar kan kun skje ved å sende epost til  lorealaccess.no@loreal.com senest 24 timer før kurset starter. Vi forbeholder oss rett til, uten kompensasjon, å annullere et seminar senest 24 timer før seminarets start.

Velkommen![/vc_column_text][/vc_column][/vc_row]

<p>[vc_row][vc_column][vc_column_text]Kursbeskrivelse: Vil du bli inspirert og lære av de beste i bransjen? Da inviterer vi deg til dette offline hands-on kurset for å veilede deg hvordan du jobber med nye farge og klippeteknikker i salongen. Kursets varighet: 4 timer, kl [&hellip;]</p>

<!-- This site is optimized with the Yoast SEO plugin v24.5 - https://yoast.com/wordpress/plugins/seo/ -->
<title>REDKEN Trends: Cut/Color Hands-On - OSLO - Marketwell</title>
<meta name="robots" content="index, follow, max-snippet:-1, max-image-preview:large, max-video-preview:-1" />
<link rel="canonical" href="https://marketwell.no/no/event/redken-trends-cut-color-hands-on-oslo/" />
<meta property="og:locale" content="nb_NO" />
<meta property="og:type" content="article" />
<meta property="og:title" content="REDKEN Trends: Cut/Color Hands-On - OSLO - Marketwell" />
<meta property="og:description" content="[vc_row][vc_column][vc_column_text]Kursbeskrivelse: Vil du bli inspirert og lære av de beste i bransjen? Da inviterer vi deg til dette offline hands-on kurset for å veilede deg hvordan du jobber med nye farge og klippeteknikker i salongen. Kursets varighet: 4 timer, kl [&hellip;]" />
<meta property="og:url" content="https://marketwell.no/no/event/redken-trends-cut-color-hands-on-oslo/" />
<meta property="og:site_name" content="Marketwell" />
<meta property="article:publisher" content="https://www.facebook.com/marketwellnorge" />
<meta property="article:modified_time" content="2021-09-13T08:32:08+00:00" />
<meta property="og:image" content="https://marketwell.no/wp-content/uploads/2021/09/redken-logo-medium.png" />
	<meta property="og:image:width" content="300" />
	<meta property="og:image:height" content="300" />
	<meta property="og:image:type" content="image/png" />
<meta name="twitter:card" content="summary_large_image" />
<meta name="twitter:label1" content="Ansl. lesetid" />
	<meta name="twitter:data1" content="1 minutt" />
<script type="application/ld+json" class="yoast-schema-graph">{"@context":"https://schema.org","@graph":[{"@type":"WebPage","@id":"https://marketwell.no/no/event/redken-trends-cut-color-hands-on-oslo/","url":"https://marketwell.no/no/event/redken-trends-cut-color-hands-on-oslo/","name":"REDKEN Trends: Cut/Color Hands-On - OSLO - Marketwell","isPartOf":{"@id":"https://marketwell.no/no/#website"},"primaryImageOfPage":{"@id":"https://marketwell.no/no/event/redken-trends-cut-color-hands-on-oslo/#primaryimage"},"image":{"@id":"https://marketwell.no/no/event/redken-trends-cut-color-hands-on-oslo/#primaryimage"},"thumbnailUrl":"https://marketwell.no/wp-content/uploads/2021/09/redken-logo-medium.png","datePublished":"2021-09-13T08:32:05+00:00","dateModified":"2021-09-13T08:32:08+00:00","breadcrumb":{"@id":"https://marketwell.no/no/event/redken-trends-cut-color-hands-on-oslo/#breadcrumb"},"inLanguage":"nb-NO","potentialAction":[{"@type":"ReadAction","target":["https://marketwell.no/no/event/redken-trends-cut-color-hands-on-oslo/"]}]},{"@type":"ImageObject","inLanguage":"nb-NO","@id":"https://marketwell.no/no/event/redken-trends-cut-color-hands-on-oslo/#primaryimage","url":"https://marketwell.no/wp-content/uploads/2021/09/redken-logo-medium.png","contentUrl":"https://marketwell.no/wp-content/uploads/2021/09/redken-logo-medium.png","width":300,"height":300},{"@type":"BreadcrumbList","@id":"https://marketwell.no/no/event/redken-trends-cut-color-hands-on-oslo/#breadcrumb","itemListElement":[{"@type":"ListItem","position":1,"name":"Hjem","item":"https://marketwell.no/no/"},{"@type":"ListItem","position":2,"name":"Arrangementer","item":"https://marketwell.no/no/events/"},{"@type":"ListItem","position":3,"name":"REDKEN Trends: Cut/Color Hands-On &#8211; OSLO"}]},{"@type":"WebSite","@id":"https://marketwell.no/no/#website","url":"https://marketwell.no/no/","name":"Marketwell","description":"Tid for å forenkle ","publisher":{"@id":"https://marketwell.no/no/#organization"},"potentialAction":[{"@type":"SearchAction","target":{"@type":"EntryPoint","urlTemplate":"https://marketwell.no/no/?s={search_term_string}"},"query-input":{"@type":"PropertyValueSpecification","valueRequired":true,"valueName":"search_term_string"}}],"inLanguage":"nb-NO"},{"@type":"Organization","@id":"https://marketwell.no/no/#organization","name":"Marketwell","url":"https://marketwell.no/no/","logo":{"@type":"ImageObject","inLanguage":"nb-NO","@id":"https://marketwell.no/no/#/schema/logo/image/","url":"https://marketwell.no/wp-content/uploads/2020/06/MWlogo-transparent-bakkgrunn-1-e1623514698867.png","contentUrl":"https://marketwell.no/wp-content/uploads/2020/06/MWlogo-transparent-bakkgrunn-1-e1623514698867.png","width":509,"height":239,"caption":"Marketwell"},"image":{"@id":"https://marketwell.no/no/#/schema/logo/image/"},"sameAs":["https://www.facebook.com/marketwellnorge","https://www.instagram.com/marketwell_as/","https://no.pinterest.com/marketwell/","https://www.youtube.com/channel/UCfhYr0EHoJP9xPpxp0Sqc5Q"]}]}</script>
<!-- / Yoast SEO plugin. -->

[vc_row][vc_column][vc_column_text]Kursbeskrivelse: Vil du bli inspirert og lære av de beste i bransjen? Da inviterer vi deg til dette offline hands-on kurset for å veilede deg hvordan du jobber med nye farge og klippeteknikker i salongen. Kursets varighet: 4 timer, kl [&hellip;]

Tid for å forenkle
