{"id":8570,"date":"2021-09-13T10:37:55","date_gmt":"2021-09-13T08:37:55","guid":{"rendered":"https:\/\/marketwell.no\/?post_type=tribe_events&#038;p=8570"},"modified":"2021-09-13T10:37:58","modified_gmt":"2021-09-13T08:37:58","slug":"redken-haircolor-authority-oslo","status":"publish","type":"tribe_events","link":"https:\/\/marketwell.no\/no\/event\/redken-haircolor-authority-oslo\/","title":{"rendered":"Redken Haircolor Authority &#8211; OSLO"},"content":{"rendered":"\n\r\n\r\n\r[vc_row][vc_column][vc_column_text]<strong>23.-24.NOV|REDKEN HAIRCOLOR AUTHORITY<\/strong>\r\n\r\n<strong>Kursbeskrivelse:\r\n<\/strong>Redken Haircolor Authority-programmet er designet for deg som har fullf\u00f8rt\u00a0Redken Specialist-programmet, og \u00f8nsker \u00e5 ta neste trinn videre i din fris\u00f8rkarriere og utvikle din kunnskap og ferdighet innenfor h\u00e5rfarge, til \u00e5 bli en Redken Certified Haircolorist, Bayalage Certified eller Redken Artist.\r\nF\u00e5 viktige tips fra eksperter i bransjen, oppdag hvordan du kan tjene mer penger ved \u00e5 utvidede behandlinger og f\u00e5 praktisk erfaring innenfor fargeteknikker. Du f\u00e5r ogs\u00e5 muligheten til \u00e5 trene p\u00e5 de vanskeligste fargekorrigeringer og viktigheten av \u00e5 fastsl\u00e5 riktig prisverdi p\u00e5 din ekspertise.\r\n\r\n<strong>Kursets varighet:\u00a0<\/strong> 2 dager, 10: 00-17: 00 begge dager\r\n\r\n<strong>Undervisningstype: <\/strong>Dette er og offline kurs.\r\n\r\n<strong>Sted og dato:<\/strong> Lysaker Torg 35, 1327 Lysaker,\r\n23.-24.November\r\n\r\n<strong>Verkt\u00f8yliste:\u00a0<\/strong> Ta med deg din f\u00f8hn, rundb\u00f8rste og klyper\r\n\r\n<strong>Pris ekskl.\u00a0moms<\/strong>\u00a02950 NOK, inkl mannequin hode, produkter, materiell, lunsj\r\n\r\nP\u00c5MELDING <a href=\"https:\/\/no.lorealaccess.com\/learn\/course\/internal\/view\/classroom\/39585\/23-24-novredken-haircolor-authority-oslopris-2950\">HER<\/a>\r\n\r\nL&#8217;Or\u00e9al Access er \u00e5pen for alle fris\u00f8rer men til info n\u00e5r du melder deg p\u00e5 seminar skal du v\u00e6re oppmerksom p\u00e5 at du skal ha ditt kundenummer registrert i dine profil opplysninger. Hvis du ikke har et L&#8217;Or\u00e9al-kundenummer, ber vi deg om \u00e5 kontakte lorealaccess.no@loreal.com.\r\n\r\nAnnullering av et seminar kan kun skje ved \u00e5 sende epost til \u00a0lorealaccess.no@loreal.com senest 24 timer f\u00f8r kurset starter. Vi forbeholder oss rett til, uten kompensasjon, \u00e5 annullere et seminar senest 24 timer f\u00f8r seminarets start.\r\n\r\nVelkommen![\/vc_column_text][\/vc_column][\/vc_row]\n\r\n\r\n\r\n\r","protected":false},"excerpt":{"rendered":"<p>[vc_row][vc_column][vc_column_text]23.-24.NOV|REDKEN HAIRCOLOR AUTHORITY Kursbeskrivelse: Redken Haircolor Authority-programmet er designet for deg som har fullf\u00f8rt\u00a0Redken Specialist-programmet, og \u00f8nsker \u00e5 ta neste trinn videre i din fris\u00f8rkarriere og utvikle din kunnskap og ferdighet innenfor h\u00e5rfarge, til \u00e5 bli en Redken Certified Haircolorist, [&hellip;]<\/p>\n","protected":false},"author":1,"featured_media":8385,"template":"","meta":{"_tribe_events_status":"","_tribe_events_status_reason":"","footnotes":""},"tags":[265,241,248,263,240],"tribe_events_cat":[256],"yoast_head":"<!-- This site is optimized with the Yoast SEO plugin v24.5 - https:\/\/yoast.com\/wordpress\/plugins\/seo\/ -->\n<title>Redken Haircolor Authority - OSLO - Marketwell<\/title>\n<meta name=\"robots\" content=\"index, follow, max-snippet:-1, max-image-preview:large, max-video-preview:-1\" \/>\n<link rel=\"canonical\" href=\"https:\/\/marketwell.no\/no\/event\/redken-haircolor-authority-oslo\/\" \/>\n<meta property=\"og:locale\" content=\"nb_NO\" \/>\n<meta property=\"og:type\" content=\"article\" \/>\n<meta property=\"og:title\" content=\"Redken Haircolor Authority - OSLO - Marketwell\" \/>\n<meta property=\"og:description\" content=\"[vc_row][vc_column][vc_column_text]23.-24.NOV|REDKEN HAIRCOLOR AUTHORITY Kursbeskrivelse: Redken Haircolor Authority-programmet er designet for deg som har fullf\u00f8rt\u00a0Redken Specialist-programmet, og \u00f8nsker \u00e5 ta neste trinn videre i din fris\u00f8rkarriere og utvikle din kunnskap og ferdighet innenfor h\u00e5rfarge, til \u00e5 bli en Redken Certified Haircolorist, [&hellip;]\" \/>\n<meta property=\"og:url\" content=\"https:\/\/marketwell.no\/no\/event\/redken-haircolor-authority-oslo\/\" \/>\n<meta property=\"og:site_name\" content=\"Marketwell\" \/>\n<meta property=\"article:publisher\" content=\"https:\/\/www.facebook.com\/marketwellnorge\" \/>\n<meta property=\"article:modified_time\" content=\"2021-09-13T08:37:58+00:00\" \/>\n<meta property=\"og:image\" content=\"https:\/\/marketwell.no\/wp-content\/uploads\/2021\/09\/redken-logo-medium.png\" \/>\n\t<meta property=\"og:image:width\" content=\"300\" \/>\n\t<meta property=\"og:image:height\" content=\"300\" \/>\n\t<meta property=\"og:image:type\" content=\"image\/png\" \/>\n<meta name=\"twitter:card\" content=\"summary_large_image\" \/>\n<meta name=\"twitter:label1\" content=\"Ansl. lesetid\" \/>\n\t<meta name=\"twitter:data1\" content=\"1 minutt\" \/>\n<script type=\"application\/ld+json\" class=\"yoast-schema-graph\">{\"@context\":\"https:\/\/schema.org\",\"@graph\":[{\"@type\":\"WebPage\",\"@id\":\"https:\/\/marketwell.no\/no\/event\/redken-haircolor-authority-oslo\/\",\"url\":\"https:\/\/marketwell.no\/no\/event\/redken-haircolor-authority-oslo\/\",\"name\":\"Redken Haircolor Authority - OSLO - Marketwell\",\"isPartOf\":{\"@id\":\"https:\/\/marketwell.no\/no\/#website\"},\"primaryImageOfPage\":{\"@id\":\"https:\/\/marketwell.no\/no\/event\/redken-haircolor-authority-oslo\/#primaryimage\"},\"image\":{\"@id\":\"https:\/\/marketwell.no\/no\/event\/redken-haircolor-authority-oslo\/#primaryimage\"},\"thumbnailUrl\":\"https:\/\/marketwell.no\/wp-content\/uploads\/2021\/09\/redken-logo-medium.png\",\"datePublished\":\"2021-09-13T08:37:55+00:00\",\"dateModified\":\"2021-09-13T08:37:58+00:00\",\"breadcrumb\":{\"@id\":\"https:\/\/marketwell.no\/no\/event\/redken-haircolor-authority-oslo\/#breadcrumb\"},\"inLanguage\":\"nb-NO\",\"potentialAction\":[{\"@type\":\"ReadAction\",\"target\":[\"https:\/\/marketwell.no\/no\/event\/redken-haircolor-authority-oslo\/\"]}]},{\"@type\":\"ImageObject\",\"inLanguage\":\"nb-NO\",\"@id\":\"https:\/\/marketwell.no\/no\/event\/redken-haircolor-authority-oslo\/#primaryimage\",\"url\":\"https:\/\/marketwell.no\/wp-content\/uploads\/2021\/09\/redken-logo-medium.png\",\"contentUrl\":\"https:\/\/marketwell.no\/wp-content\/uploads\/2021\/09\/redken-logo-medium.png\",\"width\":300,\"height\":300},{\"@type\":\"BreadcrumbList\",\"@id\":\"https:\/\/marketwell.no\/no\/event\/redken-haircolor-authority-oslo\/#breadcrumb\",\"itemListElement\":[{\"@type\":\"ListItem\",\"position\":1,\"name\":\"Hjem\",\"item\":\"https:\/\/marketwell.no\/no\/\"},{\"@type\":\"ListItem\",\"position\":2,\"name\":\"Arrangementer\",\"item\":\"https:\/\/marketwell.no\/no\/events\/\"},{\"@type\":\"ListItem\",\"position\":3,\"name\":\"Redken Haircolor Authority &#8211; OSLO\"}]},{\"@type\":\"WebSite\",\"@id\":\"https:\/\/marketwell.no\/no\/#website\",\"url\":\"https:\/\/marketwell.no\/no\/\",\"name\":\"Marketwell\",\"description\":\"Tid for \u00e5 forenkle \",\"publisher\":{\"@id\":\"https:\/\/marketwell.no\/no\/#organization\"},\"potentialAction\":[{\"@type\":\"SearchAction\",\"target\":{\"@type\":\"EntryPoint\",\"urlTemplate\":\"https:\/\/marketwell.no\/no\/?s={search_term_string}\"},\"query-input\":{\"@type\":\"PropertyValueSpecification\",\"valueRequired\":true,\"valueName\":\"search_term_string\"}}],\"inLanguage\":\"nb-NO\"},{\"@type\":\"Organization\",\"@id\":\"https:\/\/marketwell.no\/no\/#organization\",\"name\":\"Marketwell\",\"url\":\"https:\/\/marketwell.no\/no\/\",\"logo\":{\"@type\":\"ImageObject\",\"inLanguage\":\"nb-NO\",\"@id\":\"https:\/\/marketwell.no\/no\/#\/schema\/logo\/image\/\",\"url\":\"https:\/\/marketwell.no\/wp-content\/uploads\/2020\/06\/MWlogo-transparent-bakkgrunn-1-e1623514698867.png\",\"contentUrl\":\"https:\/\/marketwell.no\/wp-content\/uploads\/2020\/06\/MWlogo-transparent-bakkgrunn-1-e1623514698867.png\",\"width\":509,\"height\":239,\"caption\":\"Marketwell\"},\"image\":{\"@id\":\"https:\/\/marketwell.no\/no\/#\/schema\/logo\/image\/\"},\"sameAs\":[\"https:\/\/www.facebook.com\/marketwellnorge\",\"https:\/\/www.instagram.com\/marketwell_as\/\",\"https:\/\/no.pinterest.com\/marketwell\/\",\"https:\/\/www.youtube.com\/channel\/UCfhYr0EHoJP9xPpxp0Sqc5Q\"]}]}<\/script>\n<!-- \/ Yoast SEO plugin. -->","yoast_head_json":{"title":"Redken Haircolor Authority - OSLO - Marketwell","robots":{"index":"index","follow":"follow","max-snippet":"max-snippet:-1","max-image-preview":"max-image-preview:large","max-video-preview":"max-video-preview:-1"},"canonical":"https:\/\/marketwell.no\/no\/event\/redken-haircolor-authority-oslo\/","og_locale":"nb_NO","og_type":"article","og_title":"Redken Haircolor Authority - OSLO - Marketwell","og_description":"[vc_row][vc_column][vc_column_text]23.-24.NOV|REDKEN HAIRCOLOR AUTHORITY Kursbeskrivelse: Redken Haircolor Authority-programmet er designet for deg som har fullf\u00f8rt\u00a0Redken Specialist-programmet, og \u00f8nsker \u00e5 ta neste trinn videre i din fris\u00f8rkarriere og utvikle din kunnskap og ferdighet innenfor h\u00e5rfarge, til \u00e5 bli en Redken Certified Haircolorist, [&hellip;]","og_url":"https:\/\/marketwell.no\/no\/event\/redken-haircolor-authority-oslo\/","og_site_name":"Marketwell","article_publisher":"https:\/\/www.facebook.com\/marketwellnorge","article_modified_time":"2021-09-13T08:37:58+00:00","og_image":[{"width":300,"height":300,"url":"https:\/\/marketwell.no\/wp-content\/uploads\/2021\/09\/redken-logo-medium.png","type":"image\/png"}],"twitter_card":"summary_large_image","twitter_misc":{"Ansl. lesetid":"1 minutt"},"schema":{"@context":"https:\/\/schema.org","@graph":[{"@type":"WebPage","@id":"https:\/\/marketwell.no\/no\/event\/redken-haircolor-authority-oslo\/","url":"https:\/\/marketwell.no\/no\/event\/redken-haircolor-authority-oslo\/","name":"Redken Haircolor Authority - OSLO - Marketwell","isPartOf":{"@id":"https:\/\/marketwell.no\/no\/#website"},"primaryImageOfPage":{"@id":"https:\/\/marketwell.no\/no\/event\/redken-haircolor-authority-oslo\/#primaryimage"},"image":{"@id":"https:\/\/marketwell.no\/no\/event\/redken-haircolor-authority-oslo\/#primaryimage"},"thumbnailUrl":"https:\/\/marketwell.no\/wp-content\/uploads\/2021\/09\/redken-logo-medium.png","datePublished":"2021-09-13T08:37:55+00:00","dateModified":"2021-09-13T08:37:58+00:00","breadcrumb":{"@id":"https:\/\/marketwell.no\/no\/event\/redken-haircolor-authority-oslo\/#breadcrumb"},"inLanguage":"nb-NO","potentialAction":[{"@type":"ReadAction","target":["https:\/\/marketwell.no\/no\/event\/redken-haircolor-authority-oslo\/"]}]},{"@type":"ImageObject","inLanguage":"nb-NO","@id":"https:\/\/marketwell.no\/no\/event\/redken-haircolor-authority-oslo\/#primaryimage","url":"https:\/\/marketwell.no\/wp-content\/uploads\/2021\/09\/redken-logo-medium.png","contentUrl":"https:\/\/marketwell.no\/wp-content\/uploads\/2021\/09\/redken-logo-medium.png","width":300,"height":300},{"@type":"BreadcrumbList","@id":"https:\/\/marketwell.no\/no\/event\/redken-haircolor-authority-oslo\/#breadcrumb","itemListElement":[{"@type":"ListItem","position":1,"name":"Hjem","item":"https:\/\/marketwell.no\/no\/"},{"@type":"ListItem","position":2,"name":"Arrangementer","item":"https:\/\/marketwell.no\/no\/events\/"},{"@type":"ListItem","position":3,"name":"Redken Haircolor Authority &#8211; OSLO"}]},{"@type":"WebSite","@id":"https:\/\/marketwell.no\/no\/#website","url":"https:\/\/marketwell.no\/no\/","name":"Marketwell","description":"Tid for \u00e5 forenkle ","publisher":{"@id":"https:\/\/marketwell.no\/no\/#organization"},"potentialAction":[{"@type":"SearchAction","target":{"@type":"EntryPoint","urlTemplate":"https:\/\/marketwell.no\/no\/?s={search_term_string}"},"query-input":{"@type":"PropertyValueSpecification","valueRequired":true,"valueName":"search_term_string"}}],"inLanguage":"nb-NO"},{"@type":"Organization","@id":"https:\/\/marketwell.no\/no\/#organization","name":"Marketwell","url":"https:\/\/marketwell.no\/no\/","logo":{"@type":"ImageObject","inLanguage":"nb-NO","@id":"https:\/\/marketwell.no\/no\/#\/schema\/logo\/image\/","url":"https:\/\/marketwell.no\/wp-content\/uploads\/2020\/06\/MWlogo-transparent-bakkgrunn-1-e1623514698867.png","contentUrl":"https:\/\/marketwell.no\/wp-content\/uploads\/2020\/06\/MWlogo-transparent-bakkgrunn-1-e1623514698867.png","width":509,"height":239,"caption":"Marketwell"},"image":{"@id":"https:\/\/marketwell.no\/no\/#\/schema\/logo\/image\/"},"sameAs":["https:\/\/www.facebook.com\/marketwellnorge","https:\/\/www.instagram.com\/marketwell_as\/","https:\/\/no.pinterest.com\/marketwell\/","https:\/\/www.youtube.com\/channel\/UCfhYr0EHoJP9xPpxp0Sqc5Q"]}]}},"jetpack_sharing_enabled":true,"_links":{"self":[{"href":"https:\/\/marketwell.no\/no\/wp-json\/wp\/v2\/tribe_events\/8570"}],"collection":[{"href":"https:\/\/marketwell.no\/no\/wp-json\/wp\/v2\/tribe_events"}],"about":[{"href":"https:\/\/marketwell.no\/no\/wp-json\/wp\/v2\/types\/tribe_events"}],"author":[{"embeddable":true,"href":"https:\/\/marketwell.no\/no\/wp-json\/wp\/v2\/users\/1"}],"version-history":[{"count":2,"href":"https:\/\/marketwell.no\/no\/wp-json\/wp\/v2\/tribe_events\/8570\/revisions"}],"predecessor-version":[{"id":8572,"href":"https:\/\/marketwell.no\/no\/wp-json\/wp\/v2\/tribe_events\/8570\/revisions\/8572"}],"wp:featuredmedia":[{"embeddable":true,"href":"https:\/\/marketwell.no\/no\/wp-json\/wp\/v2\/media\/8385"}],"wp:attachment":[{"href":"https:\/\/marketwell.no\/no\/wp-json\/wp\/v2\/media?parent=8570"}],"wp:term":[{"taxonomy":"post_tag","embeddable":true,"href":"https:\/\/marketwell.no\/no\/wp-json\/wp\/v2\/tags?post=8570"},{"taxonomy":"tribe_events_cat","embeddable":true,"href":"https:\/\/marketwell.no\/no\/wp-json\/wp\/v2\/tribe_events_cat?post=8570"}],"curies":[{"name":"wp","href":"https:\/\/api.w.org\/{rel}","templated":true}]}}

[vc_row][vc_column][vc_column_text]<strong>23.-24.NOV|REDKEN HAIRCOLOR AUTHORITY</strong>

<strong>Kursbeskrivelse:
</strong>Redken Haircolor Authority-programmet er designet for deg som har fullført Redken Specialist-programmet, og ønsker å ta neste trinn videre i din frisørkarriere og utvikle din kunnskap og ferdighet innenfor hårfarge, til å bli en Redken Certified Haircolorist, Bayalage Certified eller Redken Artist.
Få viktige tips fra eksperter i bransjen, oppdag hvordan du kan tjene mer penger ved å utvidede behandlinger og få praktisk erfaring innenfor fargeteknikker. Du får også muligheten til å trene på de vanskeligste fargekorrigeringer og viktigheten av å fastslå riktig prisverdi på din ekspertise.

<strong>Kursets varighet: </strong> 2 dager, 10: 00-17: 00 begge dager

<strong>Undervisningstype: </strong>Dette er og offline kurs.

<strong>Sted og dato:</strong> Lysaker Torg 35, 1327 Lysaker,
23.-24.November

<strong>Verktøyliste: </strong> Ta med deg din føhn, rundbørste og klyper

<strong>Pris ekskl. moms</strong> 2950 NOK, inkl mannequin hode, produkter, materiell, lunsj

PÅMELDING <a href="https://no.lorealaccess.com/learn/course/internal/view/classroom/39585/23-24-novredken-haircolor-authority-oslopris-2950">HER</a>

L&#8217;Oréal Access er åpen for alle frisører men til info når du melder deg på seminar skal du være oppmerksom på at du skal ha ditt kundenummer registrert i dine profil opplysninger. Hvis du ikke har et L&#8217;Oréal-kundenummer, ber vi deg om å kontakte lorealaccess.no@loreal.com.

Annullering av et seminar kan kun skje ved å sende epost til  lorealaccess.no@loreal.com senest 24 timer før kurset starter. Vi forbeholder oss rett til, uten kompensasjon, å annullere et seminar senest 24 timer før seminarets start.

Velkommen![/vc_column_text][/vc_column][/vc_row]

<p>[vc_row][vc_column][vc_column_text]23.-24.NOV|REDKEN HAIRCOLOR AUTHORITY Kursbeskrivelse: Redken Haircolor Authority-programmet er designet for deg som har fullført Redken Specialist-programmet, og ønsker å ta neste trinn videre i din frisørkarriere og utvikle din kunnskap og ferdighet innenfor hårfarge, til å bli en Redken Certified Haircolorist, [&hellip;]</p>

<!-- This site is optimized with the Yoast SEO plugin v24.5 - https://yoast.com/wordpress/plugins/seo/ -->
<title>Redken Haircolor Authority - OSLO - Marketwell</title>
<meta name="robots" content="index, follow, max-snippet:-1, max-image-preview:large, max-video-preview:-1" />
<link rel="canonical" href="https://marketwell.no/no/event/redken-haircolor-authority-oslo/" />
<meta property="og:locale" content="nb_NO" />
<meta property="og:type" content="article" />
<meta property="og:title" content="Redken Haircolor Authority - OSLO - Marketwell" />
<meta property="og:description" content="[vc_row][vc_column][vc_column_text]23.-24.NOV|REDKEN HAIRCOLOR AUTHORITY Kursbeskrivelse: Redken Haircolor Authority-programmet er designet for deg som har fullført Redken Specialist-programmet, og ønsker å ta neste trinn videre i din frisørkarriere og utvikle din kunnskap og ferdighet innenfor hårfarge, til å bli en Redken Certified Haircolorist, [&hellip;]" />
<meta property="og:url" content="https://marketwell.no/no/event/redken-haircolor-authority-oslo/" />
<meta property="og:site_name" content="Marketwell" />
<meta property="article:publisher" content="https://www.facebook.com/marketwellnorge" />
<meta property="article:modified_time" content="2021-09-13T08:37:58+00:00" />
<meta property="og:image" content="https://marketwell.no/wp-content/uploads/2021/09/redken-logo-medium.png" />
	<meta property="og:image:width" content="300" />
	<meta property="og:image:height" content="300" />
	<meta property="og:image:type" content="image/png" />
<meta name="twitter:card" content="summary_large_image" />
<meta name="twitter:label1" content="Ansl. lesetid" />
	<meta name="twitter:data1" content="1 minutt" />
<script type="application/ld+json" class="yoast-schema-graph">{"@context":"https://schema.org","@graph":[{"@type":"WebPage","@id":"https://marketwell.no/no/event/redken-haircolor-authority-oslo/","url":"https://marketwell.no/no/event/redken-haircolor-authority-oslo/","name":"Redken Haircolor Authority - OSLO - Marketwell","isPartOf":{"@id":"https://marketwell.no/no/#website"},"primaryImageOfPage":{"@id":"https://marketwell.no/no/event/redken-haircolor-authority-oslo/#primaryimage"},"image":{"@id":"https://marketwell.no/no/event/redken-haircolor-authority-oslo/#primaryimage"},"thumbnailUrl":"https://marketwell.no/wp-content/uploads/2021/09/redken-logo-medium.png","datePublished":"2021-09-13T08:37:55+00:00","dateModified":"2021-09-13T08:37:58+00:00","breadcrumb":{"@id":"https://marketwell.no/no/event/redken-haircolor-authority-oslo/#breadcrumb"},"inLanguage":"nb-NO","potentialAction":[{"@type":"ReadAction","target":["https://marketwell.no/no/event/redken-haircolor-authority-oslo/"]}]},{"@type":"ImageObject","inLanguage":"nb-NO","@id":"https://marketwell.no/no/event/redken-haircolor-authority-oslo/#primaryimage","url":"https://marketwell.no/wp-content/uploads/2021/09/redken-logo-medium.png","contentUrl":"https://marketwell.no/wp-content/uploads/2021/09/redken-logo-medium.png","width":300,"height":300},{"@type":"BreadcrumbList","@id":"https://marketwell.no/no/event/redken-haircolor-authority-oslo/#breadcrumb","itemListElement":[{"@type":"ListItem","position":1,"name":"Hjem","item":"https://marketwell.no/no/"},{"@type":"ListItem","position":2,"name":"Arrangementer","item":"https://marketwell.no/no/events/"},{"@type":"ListItem","position":3,"name":"Redken Haircolor Authority &#8211; OSLO"}]},{"@type":"WebSite","@id":"https://marketwell.no/no/#website","url":"https://marketwell.no/no/","name":"Marketwell","description":"Tid for å forenkle ","publisher":{"@id":"https://marketwell.no/no/#organization"},"potentialAction":[{"@type":"SearchAction","target":{"@type":"EntryPoint","urlTemplate":"https://marketwell.no/no/?s={search_term_string}"},"query-input":{"@type":"PropertyValueSpecification","valueRequired":true,"valueName":"search_term_string"}}],"inLanguage":"nb-NO"},{"@type":"Organization","@id":"https://marketwell.no/no/#organization","name":"Marketwell","url":"https://marketwell.no/no/","logo":{"@type":"ImageObject","inLanguage":"nb-NO","@id":"https://marketwell.no/no/#/schema/logo/image/","url":"https://marketwell.no/wp-content/uploads/2020/06/MWlogo-transparent-bakkgrunn-1-e1623514698867.png","contentUrl":"https://marketwell.no/wp-content/uploads/2020/06/MWlogo-transparent-bakkgrunn-1-e1623514698867.png","width":509,"height":239,"caption":"Marketwell"},"image":{"@id":"https://marketwell.no/no/#/schema/logo/image/"},"sameAs":["https://www.facebook.com/marketwellnorge","https://www.instagram.com/marketwell_as/","https://no.pinterest.com/marketwell/","https://www.youtube.com/channel/UCfhYr0EHoJP9xPpxp0Sqc5Q"]}]}</script>
<!-- / Yoast SEO plugin. -->

[vc_row][vc_column][vc_column_text]23.-24.NOV|REDKEN HAIRCOLOR AUTHORITY Kursbeskrivelse: Redken Haircolor Authority-programmet er designet for deg som har fullført Redken Specialist-programmet, og ønsker å ta neste trinn videre i din frisørkarriere og utvikle din kunnskap og ferdighet innenfor hårfarge, til å bli en Redken Certified Haircolorist, [&hellip;]

Tid for å forenkle
